{"id":18757,"date":"2023-08-23T19:10:28","date_gmt":"2023-08-23T19:10:28","guid":{"rendered":"https:\/\/www.promovet.com.mx\/?page_id=18757"},"modified":"2023-10-06T19:05:49","modified_gmt":"2023-10-06T19:05:49","slug":"vitaminicos-y-reconstituyentes","status":"publish","type":"page","link":"https:\/\/www.promovet.com.mx\/index.php\/vitaminicos-y-reconstituyentes\/","title":{"rendered":"Vitam\u00ednicos y Reconstituyentes"},"content":{"rendered":"\n<div class=\"wp-block-columns is-layout-flex wp-container-core-columns-is-layout-28f84493 wp-block-columns-is-layout-flex\">\n<div class=\"wp-block-column is-layout-flow wp-block-column-is-layout-flow\">\n<figure class=\"wp-block-image size-full\"><img loading=\"lazy\" decoding=\"async\" width=\"600\" height=\"600\" src=\"https:\/\/www.promovet.com.mx\/wp-content\/uploads\/2016\/12\/AlpaminADE.jpg\" alt=\"\" class=\"wp-image-18465\" srcset=\"https:\/\/www.promovet.com.mx\/wp-content\/uploads\/2016\/12\/AlpaminADE.jpg 600w, https:\/\/www.promovet.com.mx\/wp-content\/uploads\/2016\/12\/AlpaminADE-300x300.jpg 300w, https:\/\/www.promovet.com.mx\/wp-content\/uploads\/2016\/12\/AlpaminADE-100x100.jpg 100w, https:\/\/www.promovet.com.mx\/wp-content\/uploads\/2016\/12\/AlpaminADE-150x150.jpg 150w\" sizes=\"auto, (max-width: 600px) 100vw, 600px\" \/><\/figure>\n\n\n\n<h3 class=\"wp-block-heading has-text-align-center\">Aplam\u00edn ADE<\/h3>\n\n\n\n<p class=\"has-text-align-center\">Apalm\u00edn ADE es una soluci\u00f3n oleosa inyectable que contiene una alta concentraci\u00f3n de vitaminas A,D3 y E&#8230;<\/p>\n\n\n\n<div class=\"wp-block-buttons is-content-justification-center is-layout-flex wp-container-core-buttons-is-layout-a89b3969 wp-block-buttons-is-layout-flex\">\n<div class=\"wp-block-button\"><a class=\"wp-block-button__link wp-element-button\" href=\"https:\/\/www.promovet.com.mx\/index.php\/product\/apalmin-ade\/\">Ver m\u00e1s<\/a><\/div>\n<\/div>\n<\/div>\n\n\n\n<div class=\"wp-block-column is-layout-flow wp-block-column-is-layout-flow\">\n<figure class=\"wp-block-image size-full\"><img loading=\"lazy\" decoding=\"async\" width=\"600\" height=\"600\" src=\"https:\/\/www.promovet.com.mx\/wp-content\/uploads\/2016\/12\/cobaxinB12.jpg\" alt=\"\" class=\"wp-image-18466\" srcset=\"https:\/\/www.promovet.com.mx\/wp-content\/uploads\/2016\/12\/cobaxinB12.jpg 600w, https:\/\/www.promovet.com.mx\/wp-content\/uploads\/2016\/12\/cobaxinB12-300x300.jpg 300w, https:\/\/www.promovet.com.mx\/wp-content\/uploads\/2016\/12\/cobaxinB12-100x100.jpg 100w, https:\/\/www.promovet.com.mx\/wp-content\/uploads\/2016\/12\/cobaxinB12-150x150.jpg 150w\" sizes=\"auto, (max-width: 600px) 100vw, 600px\" \/><\/figure>\n\n\n\n<h3 class=\"wp-block-heading has-text-align-center\">Cobaxin B12 3000<\/h3>\n\n\n\n<p class=\"has-text-align-center\">Cobaxin B12 3000 es una soluci\u00f3n inyectable  de alta concentraci\u00f3n, formulada con dos tipos de vitamina B12&#8230;<\/p>\n\n\n\n<div class=\"wp-block-buttons is-content-justification-center is-layout-flex wp-container-core-buttons-is-layout-a89b3969 wp-block-buttons-is-layout-flex\">\n<div class=\"wp-block-button\"><a class=\"wp-block-button__link wp-element-button\" href=\"https:\/\/www.promovet.com.mx\/index.php\/product\/cobaxin-b12-3000\/\">Ver m\u00e1s<\/a><\/div>\n<\/div>\n<\/div>\n\n\n\n<div class=\"wp-block-column is-layout-flow wp-block-column-is-layout-flow\">\n<figure class=\"wp-block-image size-full\"><img loading=\"lazy\" decoding=\"async\" width=\"600\" height=\"600\" src=\"https:\/\/www.promovet.com.mx\/wp-content\/uploads\/2016\/07\/CobaxinF600.jpg\" alt=\"\" class=\"wp-image-18220\" srcset=\"https:\/\/www.promovet.com.mx\/wp-content\/uploads\/2016\/07\/CobaxinF600.jpg 600w, https:\/\/www.promovet.com.mx\/wp-content\/uploads\/2016\/07\/CobaxinF600-300x300.jpg 300w, https:\/\/www.promovet.com.mx\/wp-content\/uploads\/2016\/07\/CobaxinF600-100x100.jpg 100w, https:\/\/www.promovet.com.mx\/wp-content\/uploads\/2016\/07\/CobaxinF600-150x150.jpg 150w\" sizes=\"auto, (max-width: 600px) 100vw, 600px\" \/><\/figure>\n\n\n\n<h3 class=\"wp-block-heading has-text-align-center\">Cobax\u00edn-F<\/h3>\n\n\n\n<p class=\"has-text-align-center\">Cobax\u00edn-F es una soluci\u00f3n inyectable formulada con vitaminas en alta concentraci\u00f3n. La vitamina B12&#8230;<\/p>\n\n\n\n<div class=\"wp-block-buttons is-content-justification-center is-layout-flex wp-container-core-buttons-is-layout-a89b3969 wp-block-buttons-is-layout-flex\">\n<div class=\"wp-block-button\"><a class=\"wp-block-button__link wp-element-button\" href=\"https:\/\/www.promovet.com.mx\/index.php\/product\/cobaxin-f\/\">Ver m\u00e1s<\/a><\/div>\n<\/div>\n<\/div>\n\n\n\n<div class=\"wp-block-column is-layout-flow wp-block-column-is-layout-flow\">\n<figure class=\"wp-block-image size-full\"><img loading=\"lazy\" decoding=\"async\" width=\"600\" height=\"600\" src=\"https:\/\/www.promovet.com.mx\/wp-content\/uploads\/2016\/07\/ComplejoB600-1.jpg\" alt=\"\" class=\"wp-image-18258\" srcset=\"https:\/\/www.promovet.com.mx\/wp-content\/uploads\/2016\/07\/ComplejoB600-1.jpg 600w, https:\/\/www.promovet.com.mx\/wp-content\/uploads\/2016\/07\/ComplejoB600-1-300x300.jpg 300w, https:\/\/www.promovet.com.mx\/wp-content\/uploads\/2016\/07\/ComplejoB600-1-100x100.jpg 100w, https:\/\/www.promovet.com.mx\/wp-content\/uploads\/2016\/07\/ComplejoB600-1-150x150.jpg 150w\" sizes=\"auto, (max-width: 600px) 100vw, 600px\" \/><\/figure>\n\n\n\n<h3 class=\"wp-block-heading has-text-align-center\">Complejo B Vetilab<\/h3>\n\n\n\n<p class=\"has-text-align-center\">Soluci\u00f3n inyectable formulada con vitaminas del complejo B. Tratamiento y prevenci\u00f3n de carencias o deficiencias&#8230;<\/p>\n\n\n\n<div class=\"wp-block-buttons is-content-justification-center is-layout-flex wp-container-core-buttons-is-layout-a89b3969 wp-block-buttons-is-layout-flex\">\n<div class=\"wp-block-button\"><a class=\"wp-block-button__link wp-element-button\" href=\"https:\/\/www.promovet.com.mx\/index.php\/product\/complejo-b-vetilab\/\">Ver m\u00e1s<\/a><\/div>\n<\/div>\n<\/div>\n<\/div>\n\n\n\n<div class=\"wp-block-columns is-layout-flex wp-container-core-columns-is-layout-28f84493 wp-block-columns-is-layout-flex\">\n<div class=\"wp-block-column is-layout-flow wp-block-column-is-layout-flow\">\n<figure class=\"wp-block-image size-full\"><img loading=\"lazy\" decoding=\"async\" width=\"600\" height=\"600\" src=\"https:\/\/www.promovet.com.mx\/wp-content\/uploads\/2016\/07\/Fosferil600-1.jpg\" alt=\"\" class=\"wp-image-18226\" srcset=\"https:\/\/www.promovet.com.mx\/wp-content\/uploads\/2016\/07\/Fosferil600-1.jpg 600w, https:\/\/www.promovet.com.mx\/wp-content\/uploads\/2016\/07\/Fosferil600-1-300x300.jpg 300w, https:\/\/www.promovet.com.mx\/wp-content\/uploads\/2016\/07\/Fosferil600-1-100x100.jpg 100w, https:\/\/www.promovet.com.mx\/wp-content\/uploads\/2016\/07\/Fosferil600-1-150x150.jpg 150w\" sizes=\"auto, (max-width: 600px) 100vw, 600px\" \/><\/figure>\n\n\n\n<h3 class=\"wp-block-heading has-text-align-center\">Fosferil B12<\/h3>\n\n\n\n<p class=\"has-text-align-center\">La f\u00f3rmula de Fosferil B12 contiene un complejo vitam\u00ednico concentrado, formulado con vitaminas A, E y B12&#8230;<\/p>\n\n\n\n<div class=\"wp-block-buttons is-content-justification-center is-layout-flex wp-container-core-buttons-is-layout-a89b3969 wp-block-buttons-is-layout-flex\">\n<div class=\"wp-block-button\"><a class=\"wp-block-button__link wp-element-button\" href=\"https:\/\/www.promovet.com.mx\/index.php\/product\/fosferil-b12\/\">Ver m\u00e1s<\/a><\/div>\n<\/div>\n<\/div>\n\n\n\n<div class=\"wp-block-column is-layout-flow wp-block-column-is-layout-flow\">\n<figure class=\"wp-block-image size-full\"><img loading=\"lazy\" decoding=\"async\" width=\"600\" height=\"600\" src=\"https:\/\/www.promovet.com.mx\/wp-content\/uploads\/2016\/07\/hierrovetB12.jpg\" alt=\"\" class=\"wp-image-18472\" srcset=\"https:\/\/www.promovet.com.mx\/wp-content\/uploads\/2016\/07\/hierrovetB12.jpg 600w, https:\/\/www.promovet.com.mx\/wp-content\/uploads\/2016\/07\/hierrovetB12-300x300.jpg 300w, https:\/\/www.promovet.com.mx\/wp-content\/uploads\/2016\/07\/hierrovetB12-100x100.jpg 100w, https:\/\/www.promovet.com.mx\/wp-content\/uploads\/2016\/07\/hierrovetB12-150x150.jpg 150w\" sizes=\"auto, (max-width: 600px) 100vw, 600px\" \/><\/figure>\n\n\n\n<h3 class=\"wp-block-heading has-text-align-center\">Hierrovet B12<\/h3>\n\n\n\n<p class=\"has-text-align-center\">Combinaci\u00f3n inyectable contiene un complejo vitam\u00ednico de B12 (cianocobalamina) y hierro dextr\u00e1n de baja&#8230;<\/p>\n\n\n\n<div class=\"wp-block-buttons is-content-justification-center is-layout-flex wp-container-core-buttons-is-layout-a89b3969 wp-block-buttons-is-layout-flex\">\n<div class=\"wp-block-button\"><a class=\"wp-block-button__link wp-element-button\" href=\"https:\/\/www.promovet.com.mx\/index.php\/product\/hierrovet-b12\/\">Ver m\u00e1s<\/a><\/div>\n<\/div>\n<\/div>\n\n\n\n<div class=\"wp-block-column is-layout-flow wp-block-column-is-layout-flow\">\n<figure class=\"wp-block-image size-full\"><img loading=\"lazy\" decoding=\"async\" width=\"600\" height=\"600\" src=\"https:\/\/www.promovet.com.mx\/wp-content\/uploads\/2016\/07\/Karragyl600.jpg\" alt=\"\" class=\"wp-image-18229\" srcset=\"https:\/\/www.promovet.com.mx\/wp-content\/uploads\/2016\/07\/Karragyl600.jpg 600w, https:\/\/www.promovet.com.mx\/wp-content\/uploads\/2016\/07\/Karragyl600-300x300.jpg 300w, https:\/\/www.promovet.com.mx\/wp-content\/uploads\/2016\/07\/Karragyl600-100x100.jpg 100w, https:\/\/www.promovet.com.mx\/wp-content\/uploads\/2016\/07\/Karragyl600-150x150.jpg 150w\" sizes=\"auto, (max-width: 600px) 100vw, 600px\" \/><\/figure>\n\n\n\n<h3 class=\"wp-block-heading has-text-align-center\">Karragyl<\/h3>\n\n\n\n<p class=\"has-text-align-center\">Soluci\u00f3n inyectable formulada con vitamina K, elemento necesario para el adecuado proceso de coagulaci\u00f3n&#8230;<\/p>\n\n\n\n<div class=\"wp-block-buttons is-content-justification-center is-layout-flex wp-container-core-buttons-is-layout-a89b3969 wp-block-buttons-is-layout-flex\">\n<div class=\"wp-block-button\"><a class=\"wp-block-button__link wp-element-button\" href=\"https:\/\/www.promovet.com.mx\/index.php\/product\/karragyl\/\">Ver m\u00e1s<\/a><\/div>\n<\/div>\n<\/div>\n\n\n\n<div class=\"wp-block-column is-layout-flow wp-block-column-is-layout-flow\">\n<figure class=\"wp-block-image size-full\"><img loading=\"lazy\" decoding=\"async\" width=\"600\" height=\"600\" src=\"https:\/\/www.promovet.com.mx\/wp-content\/uploads\/2017\/04\/probiorin.jpg\" alt=\"\" class=\"wp-image-18493\" srcset=\"https:\/\/www.promovet.com.mx\/wp-content\/uploads\/2017\/04\/probiorin.jpg 600w, https:\/\/www.promovet.com.mx\/wp-content\/uploads\/2017\/04\/probiorin-300x300.jpg 300w, https:\/\/www.promovet.com.mx\/wp-content\/uploads\/2017\/04\/probiorin-100x100.jpg 100w, https:\/\/www.promovet.com.mx\/wp-content\/uploads\/2017\/04\/probiorin-150x150.jpg 150w\" sizes=\"auto, (max-width: 600px) 100vw, 600px\" \/><\/figure>\n\n\n\n<h3 class=\"wp-block-heading has-text-align-center\">Probiorin<\/h3>\n\n\n\n<p class=\"has-text-align-center\">Soluci\u00f3n glucosada inyectable que contiene vitaminas del complejo B (Tiamina, Riboflavina, Piridoxina, Nicotinamida&#8230;<\/p>\n\n\n\n<div class=\"wp-block-buttons is-content-justification-center is-layout-flex wp-container-core-buttons-is-layout-a89b3969 wp-block-buttons-is-layout-flex\">\n<div class=\"wp-block-button\"><a class=\"wp-block-button__link wp-element-button\" href=\"https:\/\/www.promovet.com.mx\/index.php\/product\/probiorin\/\">Ver m\u00e1s<\/a><\/div>\n<\/div>\n<\/div>\n<\/div>\n\n\n\n<div class=\"wp-block-columns is-layout-flex wp-container-core-columns-is-layout-28f84493 wp-block-columns-is-layout-flex\">\n<div class=\"wp-block-column is-layout-flow wp-block-column-is-layout-flow\">\n<figure class=\"wp-block-image size-full\"><img loading=\"lazy\" decoding=\"async\" width=\"600\" height=\"600\" src=\"https:\/\/www.promovet.com.mx\/wp-content\/uploads\/2016\/07\/SueroGlucosado600.jpg\" alt=\"\" class=\"wp-image-18233\" srcset=\"https:\/\/www.promovet.com.mx\/wp-content\/uploads\/2016\/07\/SueroGlucosado600.jpg 600w, https:\/\/www.promovet.com.mx\/wp-content\/uploads\/2016\/07\/SueroGlucosado600-300x300.jpg 300w, https:\/\/www.promovet.com.mx\/wp-content\/uploads\/2016\/07\/SueroGlucosado600-100x100.jpg 100w, https:\/\/www.promovet.com.mx\/wp-content\/uploads\/2016\/07\/SueroGlucosado600-150x150.jpg 150w\" sizes=\"auto, (max-width: 600px) 100vw, 600px\" \/><\/figure>\n\n\n\n<h3 class=\"wp-block-heading has-text-align-center\">Suero Glucosado<\/h3>\n\n\n\n<p class=\"has-text-align-center\">Soluci\u00f3n inyectable concentrada al 50% de glucosa.  Restaura de inmediato el nivel de glucosa en sangre, modifica&#8230;<\/p>\n\n\n\n<div class=\"wp-block-buttons is-content-justification-center is-layout-flex wp-container-core-buttons-is-layout-a89b3969 wp-block-buttons-is-layout-flex\">\n<div class=\"wp-block-button\"><a class=\"wp-block-button__link wp-element-button\" href=\"https:\/\/www.promovet.com.mx\/index.php\/product\/suero-glucosado\/\">Ver m\u00e1s<\/a><\/div>\n<\/div>\n<\/div>\n\n\n\n<div class=\"wp-block-column is-layout-flow wp-block-column-is-layout-flow\">\n<figure class=\"wp-block-image size-full\"><img loading=\"lazy\" decoding=\"async\" width=\"600\" height=\"600\" src=\"https:\/\/www.promovet.com.mx\/wp-content\/uploads\/2017\/04\/vita_calcio500ml.jpg\" alt=\"\" class=\"wp-image-18505\" srcset=\"https:\/\/www.promovet.com.mx\/wp-content\/uploads\/2017\/04\/vita_calcio500ml.jpg 600w, https:\/\/www.promovet.com.mx\/wp-content\/uploads\/2017\/04\/vita_calcio500ml-300x300.jpg 300w, https:\/\/www.promovet.com.mx\/wp-content\/uploads\/2017\/04\/vita_calcio500ml-100x100.jpg 100w, https:\/\/www.promovet.com.mx\/wp-content\/uploads\/2017\/04\/vita_calcio500ml-150x150.jpg 150w\" sizes=\"auto, (max-width: 600px) 100vw, 600px\" \/><\/figure>\n\n\n\n<h3 class=\"wp-block-heading has-text-align-center\">Vita-Calcio<\/h3>\n\n\n\n<p class=\"has-text-align-center\">Soluci\u00f3n inyectable de calcio org\u00e1nico, formulado con una combinaci\u00f3n de amino\u00e1cidos y vitaminado con elementos&#8230;<\/p>\n\n\n\n<div class=\"wp-block-buttons is-content-justification-center is-layout-flex wp-container-core-buttons-is-layout-a89b3969 wp-block-buttons-is-layout-flex\">\n<div class=\"wp-block-button\"><a class=\"wp-block-button__link wp-element-button\" href=\"https:\/\/www.promovet.com.mx\/index.php\/product\/vita-calcio\/\">Ver m\u00e1s<\/a><\/div>\n<\/div>\n<\/div>\n\n\n\n<div class=\"wp-block-column is-layout-flow wp-block-column-is-layout-flow\">\n<figure class=\"wp-block-image size-full\"><img loading=\"lazy\" decoding=\"async\" width=\"600\" height=\"600\" src=\"https:\/\/www.promovet.com.mx\/wp-content\/uploads\/2016\/07\/Vitemasel600.jpg\" alt=\"\" class=\"wp-image-18239\" srcset=\"https:\/\/www.promovet.com.mx\/wp-content\/uploads\/2016\/07\/Vitemasel600.jpg 600w, https:\/\/www.promovet.com.mx\/wp-content\/uploads\/2016\/07\/Vitemasel600-300x300.jpg 300w, https:\/\/www.promovet.com.mx\/wp-content\/uploads\/2016\/07\/Vitemasel600-100x100.jpg 100w, https:\/\/www.promovet.com.mx\/wp-content\/uploads\/2016\/07\/Vitemasel600-150x150.jpg 150w\" sizes=\"auto, (max-width: 600px) 100vw, 600px\" \/><\/figure>\n\n\n\n<h3 class=\"wp-block-heading has-text-align-center\">Vitemasel<\/h3>\n\n\n\n<p class=\"has-text-align-center\">Soluci\u00f3n vitam\u00ednica inyectable. Vitemasel es un complemento para el tratamiento y prevenci\u00f3n del s\u00edndrome de deficiencia&#8230;<\/p>\n\n\n\n<div class=\"wp-block-buttons is-content-justification-center is-layout-flex wp-container-core-buttons-is-layout-a89b3969 wp-block-buttons-is-layout-flex\">\n<div class=\"wp-block-button\"><a class=\"wp-block-button__link wp-element-button\" href=\"https:\/\/www.promovet.com.mx\/index.php\/product\/vitemasel\/\">Ver m\u00e1s<\/a><\/div>\n<\/div>\n<\/div>\n\n\n\n<div class=\"wp-block-column is-layout-flow wp-block-column-is-layout-flow\"><\/div>\n<\/div>\n","protected":false},"excerpt":{"rendered":"<p>Aplam\u00edn ADE Apalm\u00edn ADE es una soluci\u00f3n oleosa inyectable que contiene una alta concentraci\u00f3n de vitaminas A,D3 y E&#8230; Cobaxin B12 3000 Cobaxin B12 3000 es una soluci\u00f3n inyectable de alta concentraci\u00f3n, formulada con dos tipos de vitamina B12&#8230; Cobax\u00edn-F Cobax\u00edn-F es una soluci\u00f3n inyectable formulada con vitaminas en alta concentraci\u00f3n. La vitamina B12&#8230; Complejo [&hellip;]<\/p>\n","protected":false},"author":2,"featured_media":0,"parent":0,"menu_order":0,"comment_status":"closed","ping_status":"closed","template":"","meta":{"site-sidebar-layout":"default","site-content-layout":"","ast-site-content-layout":"default","site-content-style":"default","site-sidebar-style":"default","ast-global-header-display":"","ast-banner-title-visibility":"","ast-main-header-display":"","ast-hfb-above-header-display":"","ast-hfb-below-header-display":"","ast-hfb-mobile-header-display":"","site-post-title":"","ast-breadcrumbs-content":"","ast-featured-img":"","footer-sml-layout":"","theme-transparent-header-meta":"","adv-header-id-meta":"","stick-header-meta":"","header-above-stick-meta":"","header-main-stick-meta":"","header-below-stick-meta":"","astra-migrate-meta-layouts":"default","ast-page-background-enabled":"default","ast-page-background-meta":{"desktop":{"background-color":"var(--ast-global-color-4)","background-image":"","background-repeat":"repeat","background-position":"center center","background-size":"auto","background-attachment":"scroll","background-type":"","background-media":"","overlay-type":"","overlay-color":"","overlay-opacity":"","overlay-gradient":""},"tablet":{"background-color":"","background-image":"","background-repeat":"repeat","background-position":"center center","background-size":"auto","background-attachment":"scroll","background-type":"","background-media":"","overlay-type":"","overlay-color":"","overlay-opacity":"","overlay-gradient":""},"mobile":{"background-color":"","background-image":"","background-repeat":"repeat","background-position":"center center","background-size":"auto","background-attachment":"scroll","background-type":"","background-media":"","overlay-type":"","overlay-color":"","overlay-opacity":"","overlay-gradient":""}},"ast-content-background-meta":{"desktop":{"background-color":"var(--ast-global-color-5)","background-image":"","background-repeat":"repeat","background-position":"center center","background-size":"auto","background-attachment":"scroll","background-type":"","background-media":"","overlay-type":"","overlay-color":"","overlay-opacity":"","overlay-gradient":""},"tablet":{"background-color":"var(--ast-global-color-5)","background-image":"","background-repeat":"repeat","background-position":"center center","background-size":"auto","background-attachment":"scroll","background-type":"","background-media":"","overlay-type":"","overlay-color":"","overlay-opacity":"","overlay-gradient":""},"mobile":{"background-color":"var(--ast-global-color-5)","background-image":"","background-repeat":"repeat","background-position":"center center","background-size":"auto","background-attachment":"scroll","background-type":"","background-media":"","overlay-type":"","overlay-color":"","overlay-opacity":"","overlay-gradient":""}},"footnotes":""},"class_list":["post-18757","page","type-page","status-publish","hentry"],"_links":{"self":[{"href":"https:\/\/www.promovet.com.mx\/index.php\/wp-json\/wp\/v2\/pages\/18757","targetHints":{"allow":["GET"]}}],"collection":[{"href":"https:\/\/www.promovet.com.mx\/index.php\/wp-json\/wp\/v2\/pages"}],"about":[{"href":"https:\/\/www.promovet.com.mx\/index.php\/wp-json\/wp\/v2\/types\/page"}],"author":[{"embeddable":true,"href":"https:\/\/www.promovet.com.mx\/index.php\/wp-json\/wp\/v2\/users\/2"}],"replies":[{"embeddable":true,"href":"https:\/\/www.promovet.com.mx\/index.php\/wp-json\/wp\/v2\/comments?post=18757"}],"version-history":[{"count":23,"href":"https:\/\/www.promovet.com.mx\/index.php\/wp-json\/wp\/v2\/pages\/18757\/revisions"}],"predecessor-version":[{"id":19164,"href":"https:\/\/www.promovet.com.mx\/index.php\/wp-json\/wp\/v2\/pages\/18757\/revisions\/19164"}],"wp:attachment":[{"href":"https:\/\/www.promovet.com.mx\/index.php\/wp-json\/wp\/v2\/media?parent=18757"}],"curies":[{"name":"wp","href":"https:\/\/api.w.org\/{rel}","templated":true}]}}