{"id":18223,"date":"2016-07-26T19:22:39","date_gmt":"2016-07-26T19:22:39","guid":{"rendered":"http:\/\/bench.com.mx\/promovet\/?post_type=product&#038;p=18223"},"modified":"2024-06-20T18:12:53","modified_gmt":"2024-06-20T18:12:53","slug":"fosferil-b12","status":"publish","type":"product","link":"https:\/\/www.promovet.com.mx\/index.php\/product\/fosferil-b12\/","title":{"rendered":"Fosferil B12"},"content":{"rendered":"<p><strong>F\u00d3RMULA<\/strong>: Cada 100 ml contienen:<br \/>\nFosforilcolamina \u2026\u2026\u2026\u2026\u2026\u2026\u2026\u2026\u2026\u2026\u2026.. 4.00 ml<br \/>\nGluconato de Hierro \u2026\u2026\u2026\u2026\u2026\u2026\u2026\u2026\u2026\u2026 200 mg<br \/>\nVitamina E \u2026\u2026\u2026\u2026\u2026\u2026\u2026\u2026\u2026\u2026\u2026\u2026\u2026\u2026.. 2.00 g<br \/>\nVitamina A \u2026\u2026\u2026\u2026\u2026\u2026\u2026\u2026\u2026\u2026\u2026\u2026 500,000 UI<br \/>\nVitamina B12 (cianocobalamina) \u2026\u2026\u2026\u2026\u2026 8 mg<br \/>\nVeh\u00edculo c.b.p. \u2026\u2026\u2026\u2026\u2026\u2026\u2026\u2026\u2026\u2026\u2026\u2026.. 100 ml<\/p>\n<div class=\"panel-heading\">\n<h4 class=\"panel-title toggle\">INDICACIONES<\/h4>\n<\/div>\n<div id=\"8e74e7178ec1f94c8\" class=\"panel-collapse collapse in\">\n<div class=\"panel-body toggle-content\">Soluci\u00f3n reconstituyente indicada en el\u00a0tratamiento y prevenci\u00f3n de deficiencias de los componentes de\u00a0la f\u00f3rmula, que se manifiestan cl\u00ednicamente como debilidad,\u00a0bajo desarrollo corporal, inapetencia, infertilidad, debilidad\u00a0sexual en machos, paresia y distrofia muscular. Indicado como\u00a0tratamiento de apoyo en casos de hepatitis, por la capacidad de\u00a0la fosforilcolamina para proteger y estimular el funcionamiento\u00a0del h\u00edgado. Como auxiliar en la regulaci\u00f3n del metabolismo,\u00a0promueve un mejor aprovechamiento de nutrientes y favorece\u00a0las condiciones f\u00edsicas de las hembras al parto y despu\u00e9s de\u00a0\u00e9ste.<\/div>\n<div class=\"panel-body toggle-content\">\n<div class=\"panel-heading\">\n<h4 class=\"panel-title toggle\">ADMINISTRACI\u00d3N Y DOSIS<\/h4>\n<\/div>\n<div id=\"8d796abdf942e9d1e\" class=\"panel-collapse collapse in\">\n<div class=\"panel-body toggle-content\"><strong>ESPECIES EN LAS QUE SE INDICA<\/strong>: Bovinos, equinos,\u00a0ovinos, caprinos y porcinos.<\/div>\n<div class=\"panel-body toggle-content\"><strong>DOSIS<\/strong>: Ver Ficha t\u00e9cnica.<\/div>\n<div class=\"panel-body toggle-content\">\n<div class=\"panel-heading\">\n<h4 class=\"panel-title toggle\">PRECAUCIONES Y ADVERTENCIAS<\/h4>\n<\/div>\n<div id=\"291bbe60d087874cf\" class=\"panel-collapse collapse in\">\n<div class=\"panel-body toggle-content\"><strong>PRECAUCIONES<\/strong>:\u00a0Agite el frasco antes de utilizarse. Prot\u00e9jase\u00a0de la luz y el calor. No se deje al alcance de los ni\u00f1os.<br \/>\n<strong>ADVERTENCIA<\/strong>: Producto para uso exclusivo en medicina\u00a0veterinaria.<br \/>\n<strong>PRESENTACIONES<\/strong>: Frasco con 100 y 250 ml.<\/div>\n<\/div>\n<\/div>\n<\/div>\n<\/div>\n<\/div>\n<div class=\"panel-body toggle-content\"><\/div>\n<div class=\"panel-body toggle-content\"><i class=\"fusion-li-icon fa fa-star\"><\/i><span class=\"fusion-li-item-content\"><a title=\"Ficha T\u00e9cnica\" href=\"https:\/\/www.promovet.com.mx\/wp-content\/uploads\/2022\/12\/FICHA-TECNICA-Fosferil.pdf\" target=\"_blank\" rel=\"noopener\">Descargar ficha t\u00e9cnica completa en PDF<\/a><\/span><\/div>\n","protected":false},"excerpt":{"rendered":"<p>La f\u00f3rmula de Fosferil B12\u00a0\u00ae contiene un complejo\u00a0vitam\u00ednico concentrado, formulado con vitaminas A, E y B12;\u00a0una fuente disponible de hierro en forma de gluconato y\u00a0fosforilcolamina que es una mol\u00e9cula que adem\u00e1s de aportar un\u00a0complejo de f\u00f3sforo org\u00e1nico, tiene tambi\u00e9n actividad eutr\u00f3fica\u00a0(mejora la disposici\u00f3n alimentaria) y hepatoprotectora.<\/p>\n<p>Reg. SAGARPA Q-7646-004<\/p>\n","protected":false},"featured_media":18226,"template":"","meta":{"site-sidebar-layout":"default","site-content-layout":"","ast-site-content-layout":"default","site-content-style":"default","site-sidebar-style":"default","ast-global-header-display":"","ast-banner-title-visibility":"","ast-main-header-display":"","ast-hfb-above-header-display":"","ast-hfb-below-header-display":"","ast-hfb-mobile-header-display":"","site-post-title":"","ast-breadcrumbs-content":"","ast-featured-img":"","footer-sml-layout":"","theme-transparent-header-meta":"default","adv-header-id-meta":"","stick-header-meta":"","header-above-stick-meta":"","header-main-stick-meta":"","header-below-stick-meta":"","astra-migrate-meta-layouts":"set","ast-page-background-enabled":"default","ast-page-background-meta":{"desktop":{"background-color":"var(--ast-global-color-4)","background-image":"","background-repeat":"repeat","background-position":"center center","background-size":"auto","background-attachment":"scroll","background-type":"","background-media":"","overlay-type":"","overlay-color":"","overlay-opacity":"","overlay-gradient":""},"tablet":{"background-color":"","background-image":"","background-repeat":"repeat","background-position":"center center","background-size":"auto","background-attachment":"scroll","background-type":"","background-media":"","overlay-type":"","overlay-color":"","overlay-opacity":"","overlay-gradient":""},"mobile":{"background-color":"","background-image":"","background-repeat":"repeat","background-position":"center center","background-size":"auto","background-attachment":"scroll","background-type":"","background-media":"","overlay-type":"","overlay-color":"","overlay-opacity":"","overlay-gradient":""}},"ast-content-background-meta":{"desktop":{"background-color":"var(--ast-global-color-5)","background-image":"","background-repeat":"repeat","background-position":"center center","background-size":"auto","background-attachment":"scroll","background-type":"","background-media":"","overlay-type":"","overlay-color":"","overlay-opacity":"","overlay-gradient":""},"tablet":{"background-color":"var(--ast-global-color-5)","background-image":"","background-repeat":"repeat","background-position":"center center","background-size":"auto","background-attachment":"scroll","background-type":"","background-media":"","overlay-type":"","overlay-color":"","overlay-opacity":"","overlay-gradient":""},"mobile":{"background-color":"var(--ast-global-color-5)","background-image":"","background-repeat":"repeat","background-position":"center center","background-size":"auto","background-attachment":"scroll","background-type":"","background-media":"","overlay-type":"","overlay-color":"","overlay-opacity":"","overlay-gradient":""}}},"product_brand":[],"product_cat":[47,53,69,70,82],"product_tag":[],"class_list":{"0":"post-18223","1":"product","2":"type-product","3":"status-publish","4":"has-post-thumbnail","6":"product_cat-bovinos-ovinos-y-caprinos","7":"product_cat-equinos","8":"product_cat-perros-y-gatos","9":"product_cat-porcinos","10":"product_cat-vitaminicos-reconstituyentes","11":"desktop-align-left","12":"tablet-align-left","13":"mobile-align-left","15":"first","16":"instock","17":"shipping-taxable","18":"product-type-simple"},"_links":{"self":[{"href":"https:\/\/www.promovet.com.mx\/index.php\/wp-json\/wp\/v2\/product\/18223","targetHints":{"allow":["GET"]}}],"collection":[{"href":"https:\/\/www.promovet.com.mx\/index.php\/wp-json\/wp\/v2\/product"}],"about":[{"href":"https:\/\/www.promovet.com.mx\/index.php\/wp-json\/wp\/v2\/types\/product"}],"wp:featuredmedia":[{"embeddable":true,"href":"https:\/\/www.promovet.com.mx\/index.php\/wp-json\/wp\/v2\/media\/18226"}],"wp:attachment":[{"href":"https:\/\/www.promovet.com.mx\/index.php\/wp-json\/wp\/v2\/media?parent=18223"}],"wp:term":[{"taxonomy":"product_brand","embeddable":true,"href":"https:\/\/www.promovet.com.mx\/index.php\/wp-json\/wp\/v2\/product_brand?post=18223"},{"taxonomy":"product_cat","embeddable":true,"href":"https:\/\/www.promovet.com.mx\/index.php\/wp-json\/wp\/v2\/product_cat?post=18223"},{"taxonomy":"product_tag","embeddable":true,"href":"https:\/\/www.promovet.com.mx\/index.php\/wp-json\/wp\/v2\/product_tag?post=18223"}],"curies":[{"name":"wp","href":"https:\/\/api.w.org\/{rel}","templated":true}]}}