{"id":18842,"date":"2023-09-05T17:05:08","date_gmt":"2023-09-05T17:05:08","guid":{"rendered":"https:\/\/www.promovet.com.mx\/?post_type=product&#038;p=18842"},"modified":"2023-10-09T19:17:10","modified_gmt":"2023-10-09T19:17:10","slug":"ceftiofin-50","status":"publish","type":"product","link":"https:\/\/www.promovet.com.mx\/index.php\/product\/ceftiofin-50\/","title":{"rendered":"Ceftiofin-50"},"content":{"rendered":"<div class=\"summary entry-summary\">\n<div class=\"woocommerce-product-details__short-description\"><\/div>\n<div class=\"product_meta\"><strong style=\"font-size: 16px;\">ESPECIES:<\/strong><\/div>\n<\/div>\n<div>\n<p>Bovinos y caprinos productores de carne y leche, y en crecimiento. Ovinos y porcinos productores de carne y en crecimiento.<\/p>\n<p>&nbsp;<\/p>\n<p><strong>DOSIS<\/strong><\/p>\n<p>Bovinos, caprinos, ovinos y porcinos: 1.0 ml por cada 50 kg de peso corporal cada 24 horas durante 3 a 5 d\u00edas.<\/p>\n<p>&nbsp;<\/p>\n<p><strong>INDICACIONES:<\/strong>\u00a0Ceftiofin-50, es una suspensi\u00f3n de Ceftiofur HCl, la cual est\u00e1 indicada para el tratamiento y control de enfermedades respiratorias ocasionadas por g\u00e9rmenes como Pasteurella multocida, Mannheimia spp., Haemophilus somnus, Fusobacterium necrophorum, Bacteroides melaninogenicus, Escherichia coli, Arcanobacterium pyogenes y Fusobacterium necrophorum susceptibles al efecto quimioterap\u00e9utico del Ceftiofur, que afectan a bovinos, ovinos, caprinos y porcinos.<\/p>\n<p>&nbsp;<\/p>\n<p><strong>ADVERTENCIAS:<\/strong>\u00a0Los animales tratados con este producto no deber\u00e1n ser sacrificados sino hasta 2 d\u00edas despu\u00e9s de la \u00faltima aplicaci\u00f3n. La leche de animales tratados con este medicamento no deber\u00e1 ser consumida sino hasta 3 d\u00edas despu\u00e9s de la \u00faltima aplicaci\u00f3n. Mantener este medicamento en un lugar fresco y protegido de la luz solar. Mantenga este producto fuera del alcance de los ni\u00f1os. Este producto es de uso exclusivo veterinario<\/p>\n<\/div>\n<p>&nbsp;<\/p>\n","protected":false},"excerpt":{"rendered":"<div class=\"woocommerce-product-details__short-description\">\n<p>REGISTRO SAGARPA Q-7607-009<\/p>\n<p>50, 100 y 250 ml<\/p>\n<p>Cada ml contiene Ceftiofur HCl 50 mg Veh\u00edculo c.b.p. 1.0 ml<\/p>\n<p>SUSPENSI\u00d3N INYECTABlE V\u00eda de administraci\u00f3n: Intramuscular profunda exclusivamente<\/p>\n<\/div>\n<div class=\"product_meta\"><span class=\"posted_in\">Categor\u00eda:\u00a0<a href=\"https:\/\/prositter.com.mx\/categoria-producto\/antibioticos\/\" rel=\"tag\">Antibioticos<\/a><\/span><\/div>\n","protected":false},"featured_media":12981,"template":"","meta":{"site-sidebar-layout":"default","site-content-layout":"","ast-site-content-layout":"default","site-content-style":"default","site-sidebar-style":"default","ast-global-header-display":"","ast-banner-title-visibility":"","ast-main-header-display":"","ast-hfb-above-header-display":"","ast-hfb-below-header-display":"","ast-hfb-mobile-header-display":"","site-post-title":"","ast-breadcrumbs-content":"","ast-featured-img":"","footer-sml-layout":"","theme-transparent-header-meta":"default","adv-header-id-meta":"","stick-header-meta":"","header-above-stick-meta":"","header-main-stick-meta":"","header-below-stick-meta":"","astra-migrate-meta-layouts":"set","ast-page-background-enabled":"default","ast-page-background-meta":{"desktop":{"background-color":"var(--ast-global-color-4)","background-image":"","background-repeat":"repeat","background-position":"center center","background-size":"auto","background-attachment":"scroll","background-type":"","background-media":"","overlay-type":"","overlay-color":"","overlay-opacity":"","overlay-gradient":""},"tablet":{"background-color":"","background-image":"","background-repeat":"repeat","background-position":"center center","background-size":"auto","background-attachment":"scroll","background-type":"","background-media":"","overlay-type":"","overlay-color":"","overlay-opacity":"","overlay-gradient":""},"mobile":{"background-color":"","background-image":"","background-repeat":"repeat","background-position":"center center","background-size":"auto","background-attachment":"scroll","background-type":"","background-media":"","overlay-type":"","overlay-color":"","overlay-opacity":"","overlay-gradient":""}},"ast-content-background-meta":{"desktop":{"background-color":"var(--ast-global-color-5)","background-image":"","background-repeat":"repeat","background-position":"center center","background-size":"auto","background-attachment":"scroll","background-type":"","background-media":"","overlay-type":"","overlay-color":"","overlay-opacity":"","overlay-gradient":""},"tablet":{"background-color":"var(--ast-global-color-5)","background-image":"","background-repeat":"repeat","background-position":"center center","background-size":"auto","background-attachment":"scroll","background-type":"","background-media":"","overlay-type":"","overlay-color":"","overlay-opacity":"","overlay-gradient":""},"mobile":{"background-color":"var(--ast-global-color-5)","background-image":"","background-repeat":"repeat","background-position":"center center","background-size":"auto","background-attachment":"scroll","background-type":"","background-media":"","overlay-type":"","overlay-color":"","overlay-opacity":"","overlay-gradient":""}}},"product_brand":[],"product_cat":[39,47,70],"product_tag":[],"class_list":{"0":"post-18842","1":"product","2":"type-product","3":"status-publish","4":"has-post-thumbnail","6":"product_cat-antibioticos-antimicrobianos","7":"product_cat-bovinos-ovinos-y-caprinos","8":"product_cat-porcinos","9":"desktop-align-left","10":"tablet-align-left","11":"mobile-align-left","13":"first","14":"instock","15":"shipping-taxable","16":"product-type-simple"},"_links":{"self":[{"href":"https:\/\/www.promovet.com.mx\/index.php\/wp-json\/wp\/v2\/product\/18842","targetHints":{"allow":["GET"]}}],"collection":[{"href":"https:\/\/www.promovet.com.mx\/index.php\/wp-json\/wp\/v2\/product"}],"about":[{"href":"https:\/\/www.promovet.com.mx\/index.php\/wp-json\/wp\/v2\/types\/product"}],"wp:featuredmedia":[{"embeddable":true,"href":"https:\/\/www.promovet.com.mx\/index.php\/wp-json\/wp\/v2\/media\/12981"}],"wp:attachment":[{"href":"https:\/\/www.promovet.com.mx\/index.php\/wp-json\/wp\/v2\/media?parent=18842"}],"wp:term":[{"taxonomy":"product_brand","embeddable":true,"href":"https:\/\/www.promovet.com.mx\/index.php\/wp-json\/wp\/v2\/product_brand?post=18842"},{"taxonomy":"product_cat","embeddable":true,"href":"https:\/\/www.promovet.com.mx\/index.php\/wp-json\/wp\/v2\/product_cat?post=18842"},{"taxonomy":"product_tag","embeddable":true,"href":"https:\/\/www.promovet.com.mx\/index.php\/wp-json\/wp\/v2\/product_tag?post=18842"}],"curies":[{"name":"wp","href":"https:\/\/api.w.org\/{rel}","templated":true}]}}