{"id":18876,"date":"2023-09-06T17:04:07","date_gmt":"2023-09-06T17:04:07","guid":{"rendered":"https:\/\/www.promovet.com.mx\/?post_type=product&#038;p=18876"},"modified":"2023-10-09T19:15:52","modified_gmt":"2023-10-09T19:15:52","slug":"gonacor-lh","status":"publish","type":"product","link":"https:\/\/www.promovet.com.mx\/index.php\/product\/gonacor-lh\/","title":{"rendered":"Gonacor LH"},"content":{"rendered":"<div class=\"woocommerce-tabs wc-tabs-wrapper\">\n<div id=\"tab-description\" class=\"woocommerce-Tabs-panel woocommerce-Tabs-panel--description panel entry-content wc-tab\" role=\"tabpanel\" aria-labelledby=\"tab-title-description\">\n<h2>Descripci\u00f3n<\/h2>\n<p>ESPECIES<\/p>\n<p>Bovinos, caprinos, ovinos y porcinos.<\/p>\n<p>DOSIS<\/p>\n<p>Vacas: de 5,000 a 10,000 U.I. Toros: de 2,000 a 3,000 U.I. Caprinos, ovinos y porcinos: de 500 a 1,000 U.I<\/p>\n<p><strong>INDICACIONES:<\/strong><\/p>\n<p>La HCG tiene efectos luteinizantes similares a la hormona luteinizante, pero tambi\u00e9n tiene algunas similitudes con la hormona foliculoestimulante. En machos la HCG puede estimular la producci\u00f3n de andr\u00f3genos por las c\u00e9lulas testiculares intersticiales, en las hembras la HCG estimula al cuerpo l\u00fateo a producir progesterona y puede inducir la ovulaci\u00f3n.<\/p>\n<p><strong>ADVERTENCIAS:<\/strong><\/p>\n<p>producto de uso exclusivo en medicina veterinaria. En caso de reacci\u00f3n anafil\u00e1ctica aplicar epinefrina 0.01 \u2013 0.02 mg\/kg. No usar este producto 21 d\u00edas antes del sacrificio de los animales destinados para consumo humano. Mantenga este producto fuera del alcance de los ni\u00f1os y animales dom\u00e9sticos. Mantenga este producto en un lugar fresco, seco y protegido de la luz directa del sol. Uso exclusivo en Medicina Veterinaria.<\/p>\n<\/div>\n<\/div>\n","protected":false},"excerpt":{"rendered":"<div class=\"summary entry-summary\">\n<div class=\"woocommerce-product-details__short-description\"><\/div>\n<div class=\"product_meta\">\n<div class=\"woocommerce-product-details__short-description\">\n<p>REGISTRO SAGARPA Q-7607-007<\/p>\n<p>3, 5 y 10 ml<\/p>\n<p>Cada ml contiene Gonadotropina Cori\u00f3nica 1000 u.I. Veh\u00edculo c.b.p. 1.0 ml<\/p>\n<p>V\u00eda de administraci\u00f3n: Intramuscular, intravenosa o subcut\u00e1nea<\/p>\n<\/div>\n<p><span class=\"posted_in\">Categor\u00eda:\u00a0Hormonales<\/span><\/p>\n<\/div>\n<\/div>\n<div class=\"woocommerce-tabs wc-tabs-wrapper\"><\/div>\n","protected":false},"featured_media":18875,"template":"","meta":{"site-sidebar-layout":"default","site-content-layout":"","ast-site-content-layout":"default","site-content-style":"default","site-sidebar-style":"default","ast-global-header-display":"","ast-banner-title-visibility":"","ast-main-header-display":"","ast-hfb-above-header-display":"","ast-hfb-below-header-display":"","ast-hfb-mobile-header-display":"","site-post-title":"","ast-breadcrumbs-content":"","ast-featured-img":"","footer-sml-layout":"","theme-transparent-header-meta":"default","adv-header-id-meta":"","stick-header-meta":"","header-above-stick-meta":"","header-main-stick-meta":"","header-below-stick-meta":"","astra-migrate-meta-layouts":"set","ast-page-background-enabled":"default","ast-page-background-meta":{"desktop":{"background-color":"var(--ast-global-color-4)","background-image":"","background-repeat":"repeat","background-position":"center center","background-size":"auto","background-attachment":"scroll","background-type":"","background-media":"","overlay-type":"","overlay-color":"","overlay-opacity":"","overlay-gradient":""},"tablet":{"background-color":"","background-image":"","background-repeat":"repeat","background-position":"center center","background-size":"auto","background-attachment":"scroll","background-type":"","background-media":"","overlay-type":"","overlay-color":"","overlay-opacity":"","overlay-gradient":""},"mobile":{"background-color":"","background-image":"","background-repeat":"repeat","background-position":"center center","background-size":"auto","background-attachment":"scroll","background-type":"","background-media":"","overlay-type":"","overlay-color":"","overlay-opacity":"","overlay-gradient":""}},"ast-content-background-meta":{"desktop":{"background-color":"var(--ast-global-color-5)","background-image":"","background-repeat":"repeat","background-position":"center center","background-size":"auto","background-attachment":"scroll","background-type":"","background-media":"","overlay-type":"","overlay-color":"","overlay-opacity":"","overlay-gradient":""},"tablet":{"background-color":"var(--ast-global-color-5)","background-image":"","background-repeat":"repeat","background-position":"center center","background-size":"auto","background-attachment":"scroll","background-type":"","background-media":"","overlay-type":"","overlay-color":"","overlay-opacity":"","overlay-gradient":""},"mobile":{"background-color":"var(--ast-global-color-5)","background-image":"","background-repeat":"repeat","background-position":"center center","background-size":"auto","background-attachment":"scroll","background-type":"","background-media":"","overlay-type":"","overlay-color":"","overlay-opacity":"","overlay-gradient":""}}},"product_brand":[],"product_cat":[47,70,71],"product_tag":[],"class_list":{"0":"post-18876","1":"product","2":"type-product","3":"status-publish","4":"has-post-thumbnail","6":"product_cat-bovinos-ovinos-y-caprinos","7":"product_cat-porcinos","8":"product_cat-productos-reproduccion","9":"desktop-align-left","10":"tablet-align-left","11":"mobile-align-left","13":"first","14":"instock","15":"shipping-taxable","16":"product-type-simple"},"_links":{"self":[{"href":"https:\/\/www.promovet.com.mx\/index.php\/wp-json\/wp\/v2\/product\/18876","targetHints":{"allow":["GET"]}}],"collection":[{"href":"https:\/\/www.promovet.com.mx\/index.php\/wp-json\/wp\/v2\/product"}],"about":[{"href":"https:\/\/www.promovet.com.mx\/index.php\/wp-json\/wp\/v2\/types\/product"}],"wp:featuredmedia":[{"embeddable":true,"href":"https:\/\/www.promovet.com.mx\/index.php\/wp-json\/wp\/v2\/media\/18875"}],"wp:attachment":[{"href":"https:\/\/www.promovet.com.mx\/index.php\/wp-json\/wp\/v2\/media?parent=18876"}],"wp:term":[{"taxonomy":"product_brand","embeddable":true,"href":"https:\/\/www.promovet.com.mx\/index.php\/wp-json\/wp\/v2\/product_brand?post=18876"},{"taxonomy":"product_cat","embeddable":true,"href":"https:\/\/www.promovet.com.mx\/index.php\/wp-json\/wp\/v2\/product_cat?post=18876"},{"taxonomy":"product_tag","embeddable":true,"href":"https:\/\/www.promovet.com.mx\/index.php\/wp-json\/wp\/v2\/product_tag?post=18876"}],"curies":[{"name":"wp","href":"https:\/\/api.w.org\/{rel}","templated":true}]}}